. Calculate the highest common divisor of 3 and z.
3
Let l = 317 - 212. Suppose 2*v = -3*v + l. What is the greatest common divisor of v and 3?
3
Suppose 0*k + 78 = a + 2*k, 2*k + 402 = 5*a. Calculate the greatest common factor of a and 10.
10
Suppose -91 = -2*v - 3. Suppose -k - t = -0 - 27, -2*k + 49 = t. Calculate the greatest common factor of k and v.
22
Suppose 5*p - 1 = -21, 5*r - 358 = -3*p. Let o = -88 - -41. Let q = o + r. What is the highest common factor of q and 9?
9
Suppose 34 = p + p. Let r = p + -10. What is the greatest common factor of 21 and r?
7
Suppose 3*l - 40 = 8. Suppose -6*n + 192 = -3*n. What is the highest common divisor of n and l?
16
Suppose v = -4*q + 291, -3*v + q = v - 1096. What is the greatest common factor of v and 25?
25
Let u(w) = w**3 - 7*w**2 - 7*w - 3. Let z be u(8). Suppose -3*f - 2*f + z = 0. Calculate the greatest common factor of 2 and f.
1
Suppose -5*w = -w - 36. Let r(g) = 5*g + 4. Let u(y) = 4*y + 3. Let d(o) = 3*r(o) - 4*u(o). Let s be d(-3). What is the highest common factor of w and s?
3
Let b be 3 + (-20)/(3 - 7). Calculate the greatest common divisor of 88 and b.
8
Suppose 202 + 1094 = 9*g. Calculate the greatest common factor of 18 and g.
18
Suppose -5*u = -3*f - 3*u + 9, 4*u - 37 = -5*f. Suppose -139 = -6*z - 19. Calculate the greatest common divisor of z and f.
5
Suppose -5*q = -5*o - 10, -3*o - 14 = -8*q + 3*q. Suppose 12 = -0*f + q*f. Let n be ((-2)/f)/((-2)/117). Calculate the greatest common divisor of n and 26.
13
Suppose -72 = -0*b - b. Let n be (-18)/(-12)*86/3. Let s = -25 + n. What is the highest common divisor of s and b?
18
Let j be (-2)/8 + 267/12. Calculate the greatest common divisor of 176 and j.
22
Let j = -1 + 15. Suppose -4 = 2*q + 4. Let y(k) = -6*k - 3. Let p be y(q). What is the greatest common divisor of p and j?
7
Let n(x) = 14*x - 4. Let t be n(3). Suppose 2*l = -m - 2*m + 5, 0 = 5*l - m - t. Let h = -1 + l. Calculate the greatest common divisor of h and 6.
6
Let c be 5*(-210)/(-12)*2. Calculate the greatest common factor of c and 70.
35
Let t = 29 - 16. Let j = t - 3. What is the greatest common divisor of j and 10?
10
Suppose -m + 4*s - 25 = -4*m, 4*s = 5*m - 95. What is the highest common divisor of 5 and m?
5
Let x be 296/7 - 4/14. What is the highest common factor of 6 and x?
6
Let s = 2 + 8. Calculate the greatest common factor of 80 and s.
10
Suppose 155 = 4*v + 3*l, -3*l = -7*l + 20. Calculate the greatest common factor of v and 14.
7
Suppose -2*o - 20 + 146 = 0. Calculate the greatest common divisor of 7 and o.
7
Let c(r) = 23*r**2 - 2*r + 1. Let n be c(-1). What is the greatest common divisor of n and 13?
13
Let h = -58 + 138. Let z be 80/(-24)*(-6)/4. Suppose -2*v - 84 = -5*d, -3*d + 0*d - z*v = -38. Calculate the highest common divisor of h and d.
16
Suppose 3*a - 267 = -5*r, 4*r - 3*r - 255 = -3*a. Calculate the greatest common divisor of 56 and a.
28
Let m(l) = 2*l - 1. Let t be m(-4). Let a = t - -22. Suppose 5*q - 2*w - 19 = 0, -3 + a = -q + 5*w. What is the highest common factor of 15 and q?
5
Let d(v) = v**3 + 2*v**2 + v. Let w be d(-1). Let a = 7 - w. Calculate the greatest common divisor of a and 14.
7
Suppose 2 - 22 = -i. Suppose i = -5*r, 2*l - 71 = 3*r + 69. Let v(y) = -3*y - 4. Let p be v(-4). What is the greatest common factor of p and l?
8
Let w(m) = 2*m**2 - m + 1. Let a be w(1). Calculate the highest common divisor of a and 16.
2
Let o be (6/(-4))/(3/4). Let f(c) = c**3 + 2*c**2 - c + 1. Let t be f(o). What is the highest common divisor of 2 and t?
1
Suppose 31 = -2*j + 111. What is the highest common divisor of j and 24?
8
Let f be (-6)/(-18) - 10/(-6). Let k(h) = 3*h**3 - 3*h**2 + h + 1. Let j be k(f). Let s be 1/((-2)/6)*-40. Calculate the greatest common divisor of s and j.
15
Let y(g) = g**3 + g**2 - g + 10. Let a be y(0). Calculate the highest common factor of 50 and a.
10
Let j(m) be the second derivative of m**4/12 + m**3/3 - m**2 - 3*m. Let h be j(-4). What is the greatest common divisor of 30 and h?
6
Let i be 1 + 4 + (-9)/3. What is the greatest common divisor of 2 and i?
2
Let u(z) = -z**3 + 7*z**2 + 12*z - 12. Let m be u(8). Calculate the greatest common divisor of 100 and m.
20
Suppose 37*z - 437 = 14*z. Calculate the greatest common factor of z and 247.
19
Suppose 0*k = 5*k - 60. Calculate the greatest common divisor of k and 36.
12
Let i be 1/(-2)*20/(-2). Suppose n + 3*n = 60. What is the highest common divisor of i and n?
5
Let s(j) = -j**3 - 8*j**2 + 8*j + 3. Let c(r) = -8*r**2 - 2*r + 1. Let y be c(1). Let f be s(y). Calculate the greatest common divisor of 84 and f.
12
Let o = 8 + -22. Let g = o + 22. Calculate the highest common factor of g and 2.
2
Let d be 1/(14/2764) - 15/35. Let z = -183 - -66. Let q = z + d. What is the highest common factor of 16 and q?
16
Suppose -n + 6 = 3. Let v(b) = 5*b. Let a be v(n). What is the highest common factor of a and 135?
15
Suppose m = 4*m - 6. Let g be 0/(-6) - (-32)/m. What is the highest common divisor of 32 and g?
16
Let g(q) = q**2 + 4*q + 1. Let n be g(-3). Let t be 102/14 + n/7. Calculate the highest common divisor of t and 1.
1
Let f be (0/5 - 0) + 10. Let i be 1 - (0 + 0) - -1. Calculate the highest common divisor of i and f.
2
Let j be 1/(-3 + (-1137)/(-378)). Suppose 0 = 4*k - 9*k + 30. Let u(x) = 3*x. Let t be u(k). Calculate the greatest common divisor of t and j.
18
Let x(o) = -o**2 - 3*o + 3. Let i = 6 - 9. Let j be x(i). Suppose 2*q - 13 = j. What is the greatest common factor of q and 72?
8
Let h(r) = -r**2 - 10*r - 8. Let y = 6 + -4. Let v = -10 + y. Let u be h(v). What is the greatest common factor of 8 and u?
8
Let x = -11 + 19. What is the greatest common divisor of 24 and x?
8
Let l(d) = 5*d**2 - 3*d. Let v be l(2). Let w = -813 + 1312. Let q = w - 345. What is the highest common divisor of v and q?
14
Let m be -5*4/10 - 8/(-2). Calculate the highest common divisor of m and 2.
2
Let c be (-6)/(-16) + ((-9045)/(-72) - -6). What is the greatest common factor of 12 and c?
12
Suppose n - 75 = -47. What is the highest common factor of 84 and n?
28
Suppose -z - 25 = -o, 0 = o - 4*z - 0*z - 31. Let w = -7 + o. Calculate the highest common divisor of 8 and w.
8
Suppose -9 = -4*y + 11. Suppose n + 4*n + 3*w - 685 = 0, 0 = -y*n - w + 695. Let u be (5/(-4))/(2/(-32)). Calculate the highest common factor of n and u.
20
Suppose 2*b - 144 = -2*b. Suppose 5*o = 5*c + 7 + 3, -o = c + 8. Let j = 17 + c. Calculate the greatest common divisor of j and b.
12
Let h = -26 + 47. Calculate the greatest common factor of h and 14.
7
Let n = 21 + 0. What is the greatest common factor of n and 63?
21
Let i(k) = k + 17. Let j be i(-7). What is the highest common divisor of 90 and j?
10
Let t(a) = -a**3 - 3*a**2 + a - 3. Let g be t(-5). Let p be (56/6)/(8/12). What is the highest common divisor of p and g?
14
Let r be (-8)/60*-6*120. Suppose 3*b - 4*x = r, -x - 48 = -b - 16. What is the greatest common divisor of b and 160?
32
Suppose 3*h + 19 = -8. Let r be (0 + 18)*(-3)/h. Calculate the greatest common divisor of r and 42.
6
Let h = -1 - 1. Let g be (-1)/(h/170 + 0). Suppose 5*w - 10 = g. Calculate the greatest common factor of w and 76.
19
Let a(x) be the first derivative of -x**3/3 + 3*x**2 + 3*x - 1. Let c be a(5). Suppose 5*d = 14 - 4. Calculate the greatest common divisor of d and c.
2
Suppose -w = -2*i + 11, 3*i + 12 = 4*w + 36. Suppose 176 = i*u - 0*u. Calculate the greatest common factor of u and 4.
4
Let u be (24/28)/(2/14). Calculate the highest common factor of u and 27.
3
Suppose 3*h + h - 80 = 0. Suppose 2*v + h = 2*b, -3 + 2 = v. Let y = 27 + 18. What is the highest common factor of b and y?
9
Suppose 76*y = 66*y + 90. Let d(z) = 19*z - 1. Let c(r) = r - 2. Let t be c(3). Let l be d(t). Calculate the greatest common factor of y and l.
9
Let t be 4/10*(1 + -6). Let w = 9 - t. Suppose -3*g + 250 = -14. What is the greatest common factor of g and w?
11
Suppose 36 = 4*s - 3*k, 0 = -3*k - 4 - 8. What is the greatest common factor of s and 6?
6
Suppose -3*b - 130 = -b. Let q = 148 + b. Let p = 139 - q. What is the highest common factor of 8 and p?
8
Let k be (-32)/(-160) + -46*28/(-10). Calculate the greatest common factor of k and 86.
43
Suppose -z + h = 6*h - 6, 5*h = 5.